he highest common divisor of 81 and d.
3
Let w be 192/(-128)*((-331)/(-3) + 1). Let l = 187 + w. Calculate the highest common factor of 25 and l.
5
Let a = -108 + -30. Let m = -136 - a. Let f(g) = 4*g**2 + g. Let i be f(2). What is the highest common factor of i and m?
2
Suppose 2*b = 5*o + 84, 10*o - 476 = -9*b + 8*o. Calculate the greatest common divisor of b and 46.
2
Let a be -1270*(-19)/(-38)*(-33)/15. What is the highest common divisor of 583 and a?
11
Let t = 290 - 285. Suppose -t*o + 219 - 199 = 0. What is the greatest common divisor of o and 92?
4
Suppose -2*q + 157 = n, 3*q + 62 = -3*n + 545. Calculate the greatest common factor of n and 4818.
33
Suppose 5*f - 1 - 59 = 0. Let x be -1*((-1 - 4) + 12/f). Suppose 26 + x = h. Calculate the greatest common divisor of 40 and h.
10
Let o be 0/(0 - -3) + (-60)/(-2). Suppose -14*y + o = -4*y. Let f be y/(-2)*(-38)/3. Calculate the highest common divisor of f and 152.
19
Suppose 0*z + 5*z - 4*y = 1157, z = 2*y + 223. Calculate the greatest common factor of 1264 and z.
79
Suppose -u = 4*l - 149, 3*l = 4*u - u - 372. Calculate the highest common divisor of 43 and u.
43
Let q(c) be the second derivative of -c**4/12 - 19*c**3/6 - 7*c**2 + 57*c. Let s be q(-7). What is the greatest common factor of 42 and s?
14
Let t(m) = m**2 - 6*m + 39. Let j be t(6). Let b be (5 - j/6)/(2/(-4)). Let y = -71 - -95. Calculate the greatest common divisor of y and b.
3
Suppose 0 = -6*y + 328 + 344. Let s be (-7)/28 + 129/4. Calculate the greatest common factor of s and y.
16
Suppose -265*c - 85176 = -328*c. Calculate the greatest common factor of c and 8.
8
Suppose 29503 = 3*b - f - 9485, -18 = -3*f. Calculate the greatest common factor of 194 and b.
194
Let p = -2 + 15. Suppose -m - 4 - 6 = -4*s, 2*s - 18 = m. Let i = p - m. What is the greatest common factor of i and 26?
13
Let u(w) = w**2 + 21*w + 22. Let s be u(-20). Suppose -s*c = 4*n - 6, -3*c - 4 = -7*c. What is the highest common divisor of n and 1?
1
Suppose 13*g - 5*o = 8*g + 35, -o = 1. Suppose -4*d - 184 = -5*k, -k = g*d - 8*d - 38. What is the highest common factor of k and 270?
18
Suppose -21*y + 5282 = 6*y - 8*y. What is the greatest common factor of y and 54766?
278
Suppose 42*z - 89 = 72 + 259. What is the highest common divisor of 1775 and z?
5
Let o be ((-1)/(-1) + 1)/((-10)/3200*-8). Calculate the highest common divisor of 112 and o.
16
Let x(o) = -5*o - 62. Let p be x(-25). Suppose 0 = -0*y - 7*y + p. What is the highest common factor of y and 198?
9
Suppose 77 + 131 = -8*v. Let j be (v/(-5))/(2/40). What is the greatest common factor of 65 and j?
13
Suppose t + 3 + 4 = 0. Let z be (-646)/t - ((-115)/(-35) - 3). What is the highest common divisor of z and 23?
23
Suppose 0 = 5*t - 3*m - 210, -t + 24*m - 25*m + 42 = 0. Calculate the greatest common factor of 1620 and t.
6
Suppose -18*h + 16*h - 192 = 0. Suppose 3*w + j - 515 = 0, 4*w + w - 845 = -5*j. Let t = h + w. What is the greatest common divisor of 11 and t?
11
Suppose 25*k - 3969 = -85*k + 266741. What is the highest common factor of 214 and k?
107
Let a(z) = -20*z**2 + 23*z - 55 + 11 + 21*z**2. Let s be a(-25). What is the greatest common divisor of 38 and s?
2
Suppose 14*d - 16*d + 9*d = 0. Let p be d - 3 - (2 - 99). What is the highest common factor of 235 and p?
47
Suppose 2*r - 17 = 11. Suppose -6*o + 19 = 13. Suppose -5*x - o - r = 4*b, -4*b - 21 = -x. Calculate the highest common factor of x and 2.
1
Suppose 20*m - 23*m - 1018 = -4*p, 3*p = -6*m + 747. Calculate the greatest common divisor of p and 132.
11
Suppose -4*i = -5*r - 389, 0 = -105*i + 104*i + 4*r + 78. What is the greatest common factor of 36040 and i?
106
Let p = -30 - -30. Suppose 6*r + p*r = -192. Let y = 18 - r. What is the highest common factor of y and 25?
25
Let l(k) = -33*k - 214. Let a be l(-7). Suppose 4*b + 0*b - 12 = 0. Let q be (-3)/(3/(-408)*b). What is the highest common factor of q and a?
17
Suppose 14*a = 55*a + 13735. Let l be (-5 - a/65) + 53190/39. Calculate the greatest common factor of l and 44.
44
Let b = -58 + 209. Let t = 158 - b. Calculate the highest common divisor of t and 4.
1
Suppose -125*z + 133*z = 1744. Calculate the highest common factor of 5777 and z.
109
Let h be -1*12/42 - (-16)/7. Suppose 3 = -5*n + 4*n + h*b, -4*n - 4*b = -12. Let l = 37 - 18. Calculate the greatest common factor of l and n.
1
Let c(r) = -93*r + 145. Let i be c(-5). Let o = 612 - i. Suppose -3*y - h = -5*y + 36, 0 = 3*h. Calculate the highest common divisor of o and y.
2
Let t(v) = 62*v - 5148. Let s be t(84). What is the greatest common factor of 876 and s?
12
Let j(g) = -g**2 + 6*g + 3. Let h be j(6). Let i(b) = 6*b**2 + 2*b. Let f be i(h). Let m = 18813 + -18783. Calculate the greatest common divisor of m and f.
30
Let j(f) be the first derivative of -5*f**4/4 - 2*f**3 - f**2/2 + 4*f + 3. Let l be j(-4). Let q = 364 - l. What is the greatest common divisor of q and 12?
12
Let j = 9240 + -4687. What is the highest common divisor of 157 and j?
157
Let j be 96/8 - 1*-1. Let r(p) = -25*p - 199. Let v be r(-8). Let i be j + v/(-2)*2. What is the highest common factor of 96 and i?
12
Let m(n) = -n**3 + 25*n**2 + 447*n + 35. Let z be m(37). Calculate the highest common factor of 1241 and z.
73
Let t(z) = -2*z**2 + 12*z - 139. Let c(x) = -x**2 + 7*x - 69. Let k(m) = -9*c(m) + 4*t(m). Let w be k(7). What is the highest common factor of w and 21?
3
Suppose 24*y = 12*y + 108. Let b be 1/(y/(-81)*(-3)/4). Calculate the greatest common divisor of 12 and b.
12
Suppose 0 = -2*k + 4, 0 = -2*p - 5*k + 6 - 42. Let w = 25 + p. Let j be 1/((5 + -11)/(-12)). What is the greatest common factor of j and w?
2
Let m = 36510 + -31909. Calculate the highest common divisor of 172 and m.
43
Suppose -36*r = -1412 - 136. Calculate the highest common divisor of 559 and r.
43
Let p = 33 - 31. Let b = p + -30. Let u be (b + 2)/(-3 + 2). Calculate the greatest common divisor of 65 and u.
13
Let l be (-2244)/(-231) - 4/(-14). Let y(i) = 2*i**2 - 21*i + 18. Let p be y(l). What is the highest common divisor of p and 488?
8
Let a = 22230 + -13390. What is the highest common divisor of a and 204?
68
Let b(c) = 15*c**3 + 11*c**2 + 44*c - 115. Let j be b(5). Calculate the greatest common factor of j and 605.
55
Suppose h = 4*h - 0*h. Suppose h = -47*p + 335 + 417. What is the highest common factor of p and 2?
2
Let i be 144/40 - (-3)/(-5). Suppose -i*w = 2*u - 42, -2*u - 4*w - w + 46 = 0. Let o = -440 - -452. What is the highest common factor of o and u?
6
Let l be (-4 + 196)/(-5 - (-733)/146). What is the greatest common factor of l and 73?
73
Let i be (19 + -16 + (-4)/2)*309*2. What is the greatest common factor of 8446 and i?
206
Suppose -2*f - 4*l = -16, 0*f - 3*f - 4*l + 16 = 0. Suppose 5*b + 5 + 5 = f, 2*d - 3*b = 16. What is the highest common divisor of 25 and d?
5
Suppose x - 6 = 3*m - 0*m, 0 = 4*x + 5*m + 61. Let r = 57 + x. Suppose -11*o + 8*o + r = 0. What is the highest common divisor of o and 64?
16
Let u(g) = -2*g - 10. Let o be u(-10). Let j(s) = -s**2 + 14*s - 24. Let w be j(o). Suppose 0*r = -r + w. Calculate the highest common divisor of r and 40.
8
Let u = 145 - 142. Suppose -6 = u*w - 21, -4*w + 14 = -3*i. Calculate the greatest common divisor of i and 14.
2
Let h = -72 - -76. Let l be (6*(-26)/h)/(10/(-20)). What is the greatest common divisor of 104 and l?
26
Let k(a) = 26*a**3 + a**2 - 2*a + 1. Let v be k(1). Suppose v + 50 = 4*o. Let w be (3 + 45/(-27))/(2/57). What is the highest common divisor of o and w?
19
Suppose 5*p - 3045 = 5*g, g = -3*p - 4*g + 1875. Calculate the greatest common divisor of 60 and p.
15
Let l = -2253 - -2361. What is the highest common divisor of 486 and l?
54
Suppose -3*f + 324 + 103 = 5*h, -5*h = -f + 149. Suppose 6*t + c = t + 205, 0 = 3*t + 4*c - 106. Let k = t - 24. What is the highest common factor of k and f?
18
Suppose 0 = -b - 10*b + 2310. Let x = 115 - b. Let r = 112 + x. What is the highest common divisor of 119 and r?
17
Suppose 0 = 15*a - 57*a + 42. Suppose 0*n + 16 = y + 3*n, -6 = 2*n. What is the greatest common factor of y and a?
1
Let d(z) = -2*z**3 + 10*z**2 - 25*z + 81. Let a be d(4). Calculate the highest common divisor of 3757 and a.
13
Let c(m) = -2*m**3 - 5*m**2 - 6*m - 1. Let d 